44?
34
What is the remainder when 61225 is divided by 450?
25
Calculate the remainder when 19384 is divided by 1504.
1336
What is the remainder when 3771 is divided by 7?
5
What is the remainder when 9534 is divided by 1460?
774
Calculate the remainder when 201 is divided by 86.
29
What is the remainder when 16979 is divided by 37?
33
Calculate the remainder when 3811 is divided by 470.
51
What is the remainder when 985 is divided by 120?
25
Calculate the remainder when 7871 is divided by 69.
5
What is the remainder when 528073 is divided by 35?
28
Calculate the remainder when 22169 is divided by 34.
1
Calculate the remainder when 3851 is divided by 230.
171
Calculate the remainder when 61139 is divided by 111.
89
Calculate the remainder when 5499 is divided by 27.
18
What is the remainder when 6400 is divided by 173?
172
What is the remainder when 4096 is divided by 1360?
16
Calculate the remainder when 2289290 is divided by 227.
222
Calculate the remainder when 59823 is divided by 70.
43
What is the remainder when 68064 is divided by 463?
3
What is the remainder when 46874 is divided by 10?
4
Calculate the remainder when 33074 is divided by 135.
134
What is the remainder when 22511 is divided by 11139?
233
Calculate the remainder when 2816 is divided by 336.
128
What is the remainder when 3342 is divided by 3318?
24
What is the remainder when 25674 is divided by 2752?
906
What is the remainder when 160121 is divided by 243?
227
What is the remainder when 40675 is divided by 19?
15
Calculate the remainder when 10378 is divided by 165.
148
What is the remainder when 14242 is divided by 31?
13
Calculate the remainder when 8433268 is divided by 15.
13
Calculate the remainder when 2756 is divided by 244.
72
What is the remainder when 892887 is divided by 1561?
1556
What is the remainder when 10924 is divided by 2731?
0
Calculate the remainder when 2014 is divided by 202.
196
What is the remainder when 2783 is divided by 1391?
1
What is the remainder when 10035 is divided by 555?
45
What is the remainder when 1935 is divided by 1121?
814
Calculate the remainder when 1094 is divided by 216.
14
What is the remainder when 72426 is divided by 883?
20
What is the remainder when 858 is divided by 244?
126
Calculate the remainder when 62030 is divided by 15502.
22
What is the remainder when 14641 is divided by 1330?
11
What is the remainder when 11097 is divided by 31?
30
What is the remainder when 991915 is divided by 503?
502
What is the remainder when 3121 is divided by 398?
335
What is the remainder when 4517 is divided by 381?
326
Calculate the remainder when 38805 is divided by 84.
81
Calculate the remainder when 20213 is divided by 30.
23
Calculate the remainder when 3374 is divided by 25.
24
What is the remainder when 9971 is divided by 32?
19
Calculate the remainder when 68253 is divided by 432.
429
What is the remainder when 227882 is divided by 85?
82
Calculate the remainder when 346680 is divided by 13.
9
Calculate the remainder when 1445397 is divided by 98.
93
What is the remainder when 5613 is divided by 1868?
9
Calculate the remainder when 1927196 is divided by 120.
116
Calculate the remainder when 1655 is divided by 591.
473
What is the remainder when 1502 is divided by 169?
150
What is the remainder when 41108 is divided by 186?
2
Calculate the remainder when 21265 is divided by 21.
13
Calculate the remainder when 2584 is divided by 172.
4
What is the remainder when 11503 is divided by 819?
37
Calculate the remainder when 14508 is divided by 211.
160
Calculate the remainder when 781021 is divided by 73.
67
Calculate the remainder when 124038 is divided by 20671.
12
Calculate the remainder when 810 is divided by 758.
52
What is the remainder when 3794 is divided by 446?
226
What is the remainder when 5410 is divided by 43?
35
Calculate the remainder when 21736 is divided by 749.
15
Calculate the remainder when 310782 is divided by 2851.
23
What is the remainder when 26305 is divided by 6?
1
Calculate the remainder when 1985 is divided by 139.
39
Calculate the remainder when 42633 is divided by 5327.
17
What is the remainder when 21033 is divided by 2625?
33
What is the remainder when 32216 is divided by 6?
2
Calculate the remainder when 506119 is divided by 40.
39
What is the remainder when 189 is divided by 2?
1
Calculate the remainder when 9137 is divided by 9072.
65
Calculate the remainder when 84843 is divided by 713.
709
What is the remainder when 85993 is divided by 42968?
57
Calculate the remainder when 23353 is divided by 11534.
285
What is the remainder when 19743096 is divided by 227?
225
Calculate the remainder when 829 is divided by 49.
45
Calculate the remainder when 4359000 is divided by 31.
28
What is the remainder when 2581 is divided by 212?
37
What is the remainder when 82040 is divided by 6305?
75
What is the remainder when 4626 is divided by 1145?
46
Calculate the remainder when 35342 is divided by 99.
98
What is the remainder when 82989 is divided by 364?
361
Calculate the remainder when 6990 is divided by 175.
165
What is the remainder when 1949 is divided by 288?
221
What is the remainder when 13035 is divided by 101?
6
What is the remainder when 39588 is divided by 20?
8
Calculate the remainder when 7636 is divided by 7636.
0
What is the remainder when 136549 is divided by 864?
37
Calculate the remainder when 1332 is divided by 35.
2
What is the remainder when 55826 is divided by 932?
838
Calculate the remainder when 17460 is divided by 543.
84
What is the remainder when 110755 is divided by 3076?
19
What is the remainder when 8430 is divided by 4166?
98
What is the remainder when 5600 is divided by 36?
20
What is the remainder when 3156 is divided by 780?
36
Calculate the remainder when 6394 is divided by 1597.
6
Calculate the remainder when 3102 is divided by 2595.
507
Calculate the remainder when 9837 is divided by 41.
38
Calculate the remainder when 22305 is divided by 78.
75
What is the remainder when 7003 is divided by 3476?
51
Calculate the remainder when 13365 is divided by 13357.
8
Calculate the remainder when 2547 is divided by 2498.
49
Calculate the remainder when 4198 is divided by 201.
178
Calculate the remainder when 4300 is divided by 918.
628
What is the remainder when 25318 is divided by 378?
370
Calculate the remainder when 187557 is divided by 3025.
7
Calculate the remainder when 16052 is divided by 67.
39
Calculate the remainder when 273859 is divided by 621.
619
What is the remainder when 7903 is divided by 31?
29
Calculate the remainder when 13995 is divided by 6981.
33
Calculate the remainder when 91869 is divided by 169.
102
What is the remainder when 1739 is divided by 1713?
26
Calculate the remainder when 86732 is divided by 14440.
92
Calculate the remainder when 33656 is divided by 495.
491
Calculate the remainder when 63710 is divided by 219.
200
What is the remainder when 17154 is divided by 121?
93
Calculate the remainder when 5517 is divided by 1724.
345
Calculate the remainder when 7919 is divided by 472.
367
What is the remainder when 117717 is divided by 39233?
18
Calculate the remainder when 23839 is divided by 32.
31
What is the remainder when 218865 is divided by 425?
415
Calculate the remainder when 58558 is divided by 488.
486
What is the remainder when 54205 is divided by 64?
61
Calculate the remainder when 17724 is divided by 123.
12
What is the remainder when 1476 is divided by 700?
76
Calculate the remainder when 700 is divided by 294.
112
Calculate the remainder when 115762 is divided by 1062.
4
Calculate the remainder when 18873 is divided by 4712.
25
Calculate the remainder when 29192 is divided by 9730.
2
What is the remainder when 77571 is divided by 61?
40
Calculate the remainder when 21189 is divided by 7059.
12
Calculate the remainder when 51204 is divided by 51169.
35
What is the remainder when 173061 is divided by 47?
7
Calculate the remainder when 6147 is divided by 165.
42
What is the remainder when 12753485 is divided by 11?
8
Calculate the remainder when 1449 is divided by 265.
124
Calculate the remainder when 28734 is divided by 685.
649
Calculate the remainder when 2231 is divided by 244.
35
Calculate the remainder when 4934 is divided by 4933.
1
Calc